 i = -z. What is the tens digit of p?
4
Suppose -3*x = -2*x + 106. What is the units digit of 33/(-54)*x + 4/18?
5
Suppose 6*m + 45 - 45 = 0. Let f(z) = -z**3 + 3*z**2 + 4*z + 14. What is the units digit of f(m)?
4
Suppose -5*v = -29 + 194. Let y be 3 + (v/(-18) - (-4)/24). Suppose 0*r - p - 715 = -y*r, 0 = -2*r + 4*p + 268. What is the tens digit of r?
4
Suppose b - 3*i - i = -438, -i - 1288 = 3*b. Let f = b + 1092. What is the hundreds digit of f?
6
Suppose 3*y - 178059 = -2*d, -4*y + 305079 = 3*d + 67669. What is the ten thousands digit of y?
5
Suppose -5*r + 43683 + 23810 = 4*x, -x = r - 16873. What is the ten thousands digit of x?
1
Let l(a) = 9*a - 20. Let d be l(-12). Let t = d - -208. Suppose 348 = 3*b + 3*o, -b - 5*o + 20 = -t. What is the units digit of b?
0
Let o(s) = -14*s - 21. Let l be o(-9). Let w = l + -110. What is the hundreds digit of 175 + (w - -10) + -2?
1
Let k be (850/(-255))/(2/(-138)). Let c(h) = -h**3 + 6*h - 4. Let q be c(5). Let r = k + q. What is the units digit of r?
1
Let a = -1364 + 1594. What is the units digit of a?
0
Suppose 0 = 299*l - 11716741 + 1168832 - 2728588. What is the tens digit of l?
0
Suppose -2*q = -3*f - 657, -3*q + 17*f + 979 = 19*f. Let r = q - 116. What is the tens digit of r?
1
Let k be (-44)/(-6) + -1*14/(-21). What is the hundreds digit of (k - 8) + 5/(5/509)?
5
Let i(g) = -14*g + 13. Let d be i(5). Let a = d + 59. Suppose -m = -0*m - a, -5*m - 77 = -t. What is the tens digit of t?
8
Let a(k) = -k - 18. Let x be a(-20). What is the tens digit of 1380/10*((-75)/x)/(-5)?
3
What is the ten thousands digit of (3 + -15)/((-640)/1172960)?
2
Suppose 0*x - 57*x = 127*x - 3681104. What is the thousands digit of x?
0
What is the hundreds digit of 29306 + (-60)/36*9?
2
Let n be 24/(-30) + 1 + (-84)/20. Let g(s) = s**2 - 4*s + 2. Let v be g(6). What is the units digit of -1*30/n*(-4 + v)?
5
Let l(c) = c - 1. Let i be l(6). Let u(m) = -8 - i + 8 + 13*m. What is the units digit of u(9)?
2
Let w(c) = c**3 - 8*c**2 - 84*c - 122. What is the thousands digit of w(25)?
8
Let h = 235 - 103. Suppose -4*d - 4*s = -440 + 140, -2*d = -4*s - h. Suppose 2*g + d = 178. What is the units digit of g?
3
Let d = -23 - -33. Suppose 4*m = -5*o - 5, 2*m + d = -0*m - 4*o. Suppose -2*k = -2*l + 6*l - 530, -5*l + 665 = m*k. What is the tens digit of l?
3
Let p = 277 + -288. Let y = 75 + -153. Let j = p - y. What is the tens digit of j?
6
Suppose -4*r = -6*r + 152. Suppose 3*b + d - 144 = 6*d, -5*b + 5*d = -250. Let u = r - b. What is the units digit of u?
3
Suppose -7 = -k - 5. What is the tens digit of (7 - -4) + k + 2?
1
Let x(n) = -n**3 - 20*n**2 - 34*n + 40. Let y be x(-18). Suppose 0 = j - d - 373, -y*d + 5*d - 734 = -2*j. What is the units digit of j?
9
Suppose 5*i = 11*i + 60. Let b = i - -315. What is the hundreds digit of b?
3
Let m be ((-9)/(-21))/((-7)/35)*-7. What is the hundreds digit of 1932/m + -2 + (-17)/(-85)?
1
Let f(y) = y**2 + 10*y - 10. Let v(u) = -u - 1. Let t(c) = f(c) - 2*v(c). What is the hundreds digit of t(13)?
3
Suppose 597 + 255 = 2*z. Suppose -4*w = a - 840, z = 2*w + 15*a - 13*a. What is the hundreds digit of w?
2
Let a(z) be the third derivative of -z**7/630 - 19*z**6/360 - z**5/2 - 12*z**2. Let y(h) be the third derivative of a(h). What is the units digit of y(-19)?
4
Suppose -3*t + 98 + 100 = 0. Let j = -658 - -607. Let r = t + j. What is the units digit of r?
5
Let p be (-14 + 24)/((-4)/50). Let h = -114 - p. Let z = h + 46. What is the units digit of z?
7
Let t(z) = -z**2 + 6*z - 17. Let h(p) = 2*p**2 - 12*p + 35. Let y(o) = -3*h(o) - 7*t(o). Let b be (-156)/(-20) + (-11)/(-55). What is the units digit of y(b)?
0
Let p(g) = 63*g**2 + 3*g + 25. Let f be p(-5). Suppose 37*l = 42*l - f. What is the units digit of l?
7
Suppose 11*v - 68047 = 33439. What is the thousands digit of v?
9
Let v(u) = u**2 - 6. Let x be v(4). Suppose -x*j - b + 887 = -6*j, 4*b = 12. What is the units digit of j?
1
Suppose -2*y + 5*w = -1093, 5*y - 5*w + 2*w = 2704. Let n = -120 + y. What is the tens digit of n?
1
Let o = -22109 + 60038. What is the ten thousands digit of o?
3
Let v = 59155 - 39790. What is the tens digit of v?
6
Let z = 2800 - 1922. Let v = -593 + z. What is the tens digit of v?
8
Suppose 89 = 3*h + 20. Suppose -97 = -d + h. Suppose 116 = 4*n - 2*t - 4, -d = -4*n - 2*t. What is the tens digit of n?
3
Let k(f) = 11*f**2 - 11*f - 12. Let p be ((-8)/(-28))/2 - (-110)/14. What is the tens digit of k(p)?
0
Suppose 458*h = 442*h + 121232. What is the thousands digit of h?
7
Let r(k) = 11*k**2 + 3*k - 36. Let u be r(-11). Let o = -722 + u. What is the hundreds digit of o?
5
Let g(t) = 2*t**2 + 9*t + 18. Let o(k) = -10*k**2 + 4*k - 4. Let u = -31 - -32. Let p be o(u). What is the tens digit of g(p)?
2
Suppose 3*u - 514 = 2*w - 138, -378 = 2*w - 2*u. Let o = w - -307. What is the tens digit of o?
1
Suppose -91*c = -89*c - 1700. Suppose -525 = -5*s + c. What is the tens digit of s?
7
Let w = -276 - -920. Let k = 983 - w. What is the hundreds digit of k?
3
Let i = 55 + -57. Let t be ((-1)/(-3))/(i/(-6))*-11. What is the hundreds digit of (1650/t)/(6/(-4))?
1
Let g(w) = -2*w**2 - 6*w + 19. Let a be g(-5). What is the hundreds digit of 7 + a + (146*45)/6?
1
Let j = -55473 - -83636. What is the tens digit of j?
6
Let k = 34 - 32. Suppose -d + 3 = 2, 0 = o - k*d - 41. Let t = 136 - o. What is the units digit of t?
3
Let w = 578 - 123. Suppose v - w = -2*q, q = -5*v + 810 + 1501. What is the tens digit of v?
6
Let a = 5751 + -2971. Suppose a = 4*o + 4*y, -5*y - 683 = -o - 2*y. Suppose 2*u - 6*u = -o. What is the tens digit of u?
7
Let f = 10782 - -7122. What is the tens digit of f?
0
Let o be (-2 + 1)*(6/(-2) + 3). Suppose -5*c - u + 10 + 7 = o, -c = -2*u - 10. Suppose 0 = -c*w - 11 - 1, 0 = 2*l - 4*w - 426. What is the hundreds digit of l?
2
Let u(f) = -51*f + 14. Let h be -1*34/10 + 8/20. What is the tens digit of u(h)?
6
Suppose 3098 + 3022 = -15*g. What is the hundreds digit of (-260)/(-8)*(2 - g/30)?
5
Suppose 2*m + l - 3 + 1 = 0, -2*l = 2*m. Suppose m*f - f - 24 = 0. Suppose 0*p = -p - 3*n + 28, -f = -p - 5*n. What is the units digit of p?
4
Let h = -7032 - -11661. What is the hundreds digit of h?
6
Let b(o) = o + 1. Let m(g) = 24*g + 15. Let i(c) = -15*b(c) + m(c). Let q be i(8). Suppose 66 = j + 2*j + f, 3*j - f = q. What is the tens digit of j?
2
Suppose -6*l = -35*l + 112636. What is the thousands digit of l?
3
Suppose 7*c - 31*c = 34*c. Suppose c = g + 3*h - 892, 4*g + 2*h - 5733 = -2215. What is the tens digit of g?
7
Let b = 9 - 17. What is the tens digit of b/52 - (-5644)/13?
3
Suppose 24*q - 781208 = -440. What is the thousands digit of q?
2
Let x = 28770 - 5980. What is the thousands digit of x?
2
Suppose -2*x + 5 + 15 = 5*u, x = -4*u + 19. Let c = 11 - u. Suppose c*j - 492 = 328. What is the tens digit of j?
6
Suppose -18 = -3*g, -166*q - 5*g = -165*q - 6737. What is the hundreds digit of q?
7
Let o be ((-20)/(-6))/((-2)/(-12)). Suppose -6*x = 8 - o. Suppose 13*a + x = 15*a. What is the units digit of a?
1
Let j(v) = -2*v**3 + 18*v**2 - 2*v + 22. Let w be j(9). Suppose 0 = -2*g - w*d - d + 1367, -9 = -3*d. What is the units digit of g?
6
Suppose 137*q - 92*q = 672885. What is the hundreds digit of q?
9
Let x(y) = y**2 + 3*y - 18. Let i be x(-6). Suppose -4*b = 4*z + 428, i*z + 3*z - 5*b + 337 = 0. Let u = -61 - z. What is the tens digit of u?
4
Let c(x) = 13*x**2 + 31*x - 12*x - 26*x - 19 + 1. What is the tens digit of c(6)?
0
Suppose 0 = -l - 6*l - 28. Let s(d) = -4*d - 11. Let n be s(l). Suppose -k = n*v - 142, -132 = v - 6*v + 4*k. What is the tens digit of v?
2
Let i(j) = j**2 - 7*j + 5. Let n be 135/(-25) + 5 - (-32)/5. Let z be i(n). What is the units digit of (21/12)/(z/(-56))?
8
Let r = -398 + 399. What is the hundreds digit of -131 + 131 + r*-1 + 685?
6
Let j = -3476 - -11579. What is the units digit of j?
3
Let g(v) = 3*v**2 - 28*v + 11. Let l be g(11). Let f = 74 - l. Suppose 0 = z, f*w - 3*w + 4*z = 380. What is the tens digit of w?
7
What is the units digit of ((-4 - 353/(-1)) + -3)*(-301)/(-14)?
9
Let w be 4*((-88)/(-160) + (-1)/(-5)). Let o be -1*w/3 + 119. Let g = -66 + o. What is the units digit of g?
2
Suppose 12*w - 2*w = 910. Let u = w + 186. What is the hundreds digit of u?
